*p + 3*l + 1, -5 = -4*p - l. Let r(b) = -14*b**2 + 2*b - 2. Give r(p).
-14
Let n(f) = 24*f**2 - 79*f**2 + 8*f + 25*f**2 + 3*f + 17 + 29*f**2. Calculate n(11).
17
Let o(p) = -p**3 - p**2 + 2*p + 4. Suppose -154*l - 267 + 4 = 45. Determine o(l).
4
Suppose -132*u + 48*u = -336. Let n(p) be the second derivative of -p**5/20 + 5*p**4/12 - p**3 + 3*p**2 + 2*p. Give n(u).
-2
Let b(j) = -j**2 - 157*j - 1072. Let y be b(-7). Let f(v) = -v**2 - 24*v - 24. Determine f(y).
20
Let f = -8 - -12. Suppose -3*w = -f*v - 23, -5*v = 3*w - 3 - 2. Let g(h) = -2*h**2 - 4*h**3 - 4*h**2 + w*h**3. Determine g(6).
0
Let c(k) = -k**3 + 20*k**2 - 22*k + 76. Suppose 3*b - 4*a - 21 = 0, -4*b - 4*a - 1033 = -1145. Give c(b).
19
Suppose -5*t = 10, -4 = 2*u - 5*t + 8*t. Let y(d) be the first derivative of -9*d**2 + d + 2. Give y(u).
-17
Let w(t) be the third derivative of t**4/24 - t**3/6 - 224*t**2 - 20*t. Suppose 2*l + 30 = 4*r, -5*r - l - 4*l + 30 = 0. Give w(r).
6
Let a(d) = -1 - 7*d + 10*d**2 + 18*d**3 - 22*d**2 + 4*d + 14*d - 17*d**3. Calculate a(11).
-1
Let m(q) be the second derivative of q**4/6 + 2*q**3/3 + 2*q**2 - 16*q - 78. Suppose 2*g - c + 9 = -0, 17 = -5*g - 3*c. Calculate m(g).
20
Let q(v) = v**2 + 7*v. Let x(n) be the third derivative of -5*n**4/12 + n**3/3 - 15*n**2. Let p be x(2). Let a = p + 11. What is q(a)?
0
Let j(k) = -12*k - 15. Let c(s) = 11*s + 14. Let y(z) = -6*c(z) - 5*j(z). Let q be y(-4). Let r(b) = b**3 - 2*b + 21 - 3*b - 6*b**2 + q - 30. Determine r(7).
20
Suppose 4*x - 54 = 154. Suppose -x*r + 48*r - 28 = 0. Let w(o) = o**2 + 5*o - 16. Calculate w(r).
-2
Let u(t) = -t - 2. Let o(z) = z**2 + 3*z + 2. Let q be o(-3). Suppose -2*v + 19 = -3*a + q*a, -2*a + 5*v = 42. Give u(a).
9
Let z(n) = n**2 + n - 2*n + 5*n**3 + 2 + 5*n - 7*n. Let x = 554 + -553. Let b be z(x). Let v(a) = -a**2 + 6*a - 7. What is v(b)?
-2
Let j(k) be the third derivative of -k**6/60 + k**5/20 + k**4/12 + 2*k**3/3 + 2*k**2 + 10. Suppose -4*n = -3*d - 15, -2*d + 40 - 42 = 0. Give j(n).
-17
Let q(i) = 70*i**2 - 66*i + 1. Let d = -25807 - -25808. Give q(d).
5
Let j(v) = -7*v + 1. Let q(f) = 15*f - 1. Let o(b) = -2*j(b) - q(b). Let i(x) = 5*x**3 - x**2. Let t be i(1). Suppose -t*d + 6 = -2*d. Give o(d).
-4
Suppose -1088 = -20*u - 14*u. Let k(h) = 9*h**2 - u*h**2 + 1 + 3*h**2. Determine k(1).
-19
Let b(s) = s**2 - 4*s + 7. Let d(q) = q**2 + 6*q + 5. Let l be d(-4). Let x(t) = -t + 101 - 55 - 53 - 3*t. Let v be x(l). What is b(v)?
12
Let m(y) be the third derivative of -y**5/60 + 9*y**4/8 - 3*y**3/2 - 13*y**2 - y + 2. Determine m(28).
-37
Let o(t) be the first derivative of 7*t**2/2 - 6*t - 134. Give o(0).
-6
Suppose -4*v = 2*u - 3*u - 68, -u - 5*v = 68. Let y = 71 + u. Let o(t) = -5*t**3 - 1 + y*t**3 + 27*t**3. Determine o(1).
24
Suppose -4*k + 2 + 2 = -2*w, 2*k + 2 = 0. Let z be w/(-1) + 2/(1 + -2). Let b(f) = 0*f - 2 + z*f - 1 - 4*f. Give b(3).
-9
Let x(o) = -6*o - 11. Suppose 29*v + 109 = -152. Calculate x(v).
43
Let k(n) be the first derivative of n**5/60 - n**4/4 + n**3/2 - 5*n**2/2 + 8. Let w(d) be the second derivative of k(d). Let u = 42 - 38. What is w(u)?
-5
Let w(j) be the second derivative of j**5/20 - j**4/2 + 5*j**3/6 + j**2 - j. Let b be (-52)/(-13) + 7 + 11/(33/(-18)). What is w(b)?
2
Suppose -19*y + 5140 + 18382 = 0. Let s(k) = 616 - 2*k - y + 609. What is s(-12)?
11
Suppose s + 21 = b, -3*s + 52 = 2*b - 0. Let r(k) = -2*k + 19. Determine r(b).
-27
Let q(f) be the second derivative of 7/6*f**3 - 1/8*f**4 + 29*f + 15*f**2 + 0. Let d(o) be the first derivative of q(o). Calculate d(5).
-8
Let k(q) = -q**3 + 24*q**2 - 18*q - 20. Let i = 19504 + -19481. Calculate k(i).
95
Let o(p) = 77*p**2 - 4*p + 3. Suppose -22 = -u - 3*q, -28*u = -27*u - q + 6. What is o(u)?
76
Let s(j) = 2*j**3 - j**2 - j - 49. Let x be (0/(-33))/(-2 - -1). Determine s(x).
-49
Let m(f) = f**3 + 10*f**2 - 2*f + 5. Suppose 0 = 4*v - 3*b + 49, 2*b - 700 = -v - 704. Determine m(v).
25
Let p(f) = -f + 12. Let q be p(9). Let g(m) = 577*m**2 - 14*m + 3. Let n(h) = 210*h**2 - 5*h + 1. Let u(t) = -4*g(t) + 11*n(t). Calculate u(q).
20
Let r be (6/(-4))/((-10)/(-60)). Let c = 1 - r. Suppose s = -c*s - 44. Let n(q) = -q**2 - q + 2. Calculate n(s).
-10
Let x = -14 - -9. Let f(n) = -2 + 0 + 25 - 21 - n. Let o(m) = 5*m - 6. Let b(l) = 9*f(l) + 2*o(l). Give b(x).
1
Let u(p) = p**2 - 7*p + 4. Suppose -32*s = -39*s - 168. Let v be 594/s + 6/8. Let j be (-8)/v + 20/3 + -2. Determine u(j).
-6
Let w(d) = d. Suppose -2*t + 8*t = -12. Let h(j) = 3*j - 9. Suppose 0 = -v - l - 1 - 2, -4*v + 5*l = -24. Let p(m) = t*w(m) + v*h(m). Determine p(10).
1
Let u(s) = 6*s**2 + 3*s + 3. Let a be 176/(-6)*((-63)/(-14) - 6). Suppose 0 = 54*d - 32*d + a. What is u(d)?
21
Let u(w) be the first derivative of w**4/12 + 7*w**3/6 - w**2/2 + 52*w + 123. Let n(s) be the first derivative of u(s). Determine n(-6).
-7
Let r = 368 + -367. Let b(s) = -32*s**2 + s - 2. Calculate b(r).
-33
Let v = 13910 + -13931. Let h(a) = -6*a - 128. Calculate h(v).
-2
Let v(s) = -2*s**2 + 33*s + 61. Let o(k) = k**2 - 6*k + 10. Let h(g) = 3*o(g) + v(g). Determine h(-10).
41
Suppose -5*r - 22 = 8. Let m(l) = l**2 + 7*l + 5. Let d(t) = 7*t + 4*t**2 + 9 - 2*t**2 + 13*t - 6*t. Let q(p) = 3*d(p) - 7*m(p). What is q(r)?
-2
Let x(n) = 30 - 50 + 45 + 10*n**2 - 7*n**2 + 3*n - 4*n**2. Give x(-4).
-3
Let p(h) = 7*h**3 - 15*h**2 + 41*h - 9. Let o(u) = -10*u**3 + 12*u**2 - 43*u + 8. Let x(k) = -2*o(k) - 3*p(k). Give x(19).
30
Let d(b) = 25*b**2 + 8*b - 87. Let c(q) = 23*q**2 + 9*q - 82. Let g(m) = 13*c(m) - 12*d(m). Calculate g(18).
32
Let c(t) = -26*t**2 + 21*t - 67. Let y(d) = 40*d**2 - 21*d + 68. Let x(s) = -3*c(s) - 2*y(s). Calculate x(-13).
0
Let u be (462/24 - 20)/(6/32). Let q(a) = a - 2 - 2*a - 5. Calculate q(u).
-3
Let q(k) = -k**2 - 5*k + 5. Let c(n) = -1 + n - n**2 + 0*n**2 + 4 - 2*n. Let w(z) = 3*c(z) - q(z). Let r be 2 - -1*(3 + -2). Give w(r).
-8
Suppose 0 = 202*v - 204*v - 16. Let w(z) be the first derivative of -z**3/3 - 4*z**2 + 5*z + 366. What is w(v)?
5
Let w(n) = -n**3 - n - 7. Suppose 24*h - 50 - 94 = 0. Suppose 12*r = h*r + 8*r. Determine w(r).
-7
Suppose 0 = 13*q - 5*q - 88. Let d(y) = 3*y**3 + 4*y**2 + 5*y + 26. Let f(c) = 2*c**3 + 2*c**2 + 3*c + 14. Let a(x) = q*f(x) - 6*d(x). Give a(1).
3
Let t = -121 - -124. Let c(h) = 2694 - 2697 + 3*h**2 - 6*h**2 - h**t - 4*h. What is c(-2)?
1
Let k(q) be the third derivative of -q**6/120 + q**5/15 - q**4/6 + q**3/3 - 2*q**2 - 1. Determine k(3).
-1
Let g(r) = -7*r - 17. Suppose -60 = -823*n + 853*n. Calculate g(n).
-3
Let u(d) be the first derivative of -d**4/4 + 7*d**3/3 + 5*d**2 - 8*d + 3. Suppose 58*j = 12*j + 368. Give u(j).
8
Let l(j) = -26*j + 19. Let a be (-4)/12 - ((-5)/15 + -1). Give l(a).
-7
Let s(a) = -a - 165. Let v(t) = 2*t + 983. Let z(w) = 6*s(w) + v(w). Suppose -5*i = -2*i + 21. Calculate z(i).
21
Let c(d) be the third derivative of -d**6/120 - 13*d**5/30 + d**4/12 + 55*d**3/6 - 9*d**2 - 120*d. Calculate c(-26).
3
Suppose -38*g + 1224 = -110*g. Let q(c) = -c - 8. Determine q(g).
9
Let k(s) = 9 + s - 13 - 4*s + 30. Let l be k(8). Let n(f) = -245*f**2 + 246*f**2 - 7*f + 4 - l. Give n(6).
-4
Let m(x) = 2*x**2 - 10*x - 69. Let u(v) = -v**2 + 2*v - 1. Let r(t) = m(t) + u(t). What is r(15)?
35
Let v(d) be the first derivative of 5*d**2/2 - d + 10. Suppose 6*g - 28 + 64 = 0. Let u be 1/4 + (-9)/(-24)*g. Determine v(u).
-11
Suppose -12*x = -7*x + 40. Let u be -10 + 10/(-5) - (x + 4). Let z(y) = -y**3 - 7*y**2 + 8*y - 9. Determine z(u).
-9
Let s(x) = x + 31. Let y be s(-16). Suppose -b = 2*v + 9, 0 = 2*v - 4*b + y - 1. Let h(w) = w**2 + 6*w + 6. What is h(v)?
1
Let y(a) = a**3 - 9*a**2 + 8*a - 6. Let i be (-24)/(-28) - 1036/(-49). Let s be (i/(-11))/((-2)/8). Give y(s).
-6
Let m(b) be the third derivative of -7*b**5/60 - 23*b**4/24 - b**3/3 - 32*b**2 - 22*b. Give m(-3).
4
Let g(t) = -2*t + 2. Suppose -3*q = q + 32. Let v be (-5 + (-28)/q)*-2. Determine g(v).
-4
Let a(b) = 2*b**3 + 8*b**2 + 6*b + 11*b**2 - 26*b**2 + 15*b**2. Let q be a(-3). Let i(f) = 3*f**3 - 4*f**3 + f + 2 + 3 + f**2. Give i(q).
5
Let r = 20 + -14. Let o(u) be the first derivative of -u**4/4 + 2*u**3 + u**2/2 + u - 1043. What is o(r)?
7
Suppose 0 = 13*i - 921 + 284. Let z(d) = 64 - d + i + 2*d - 119. Let a(l) = -l**3 + 3*l**2 - 2*l. Let 